 12369?
475
What is the remainder when 908523 is divided by 69820?
863
What is the remainder when 2036765 is divided by 60?
5
Calculate the remainder when 288064 is divided by 98.
42
What is the remainder when 12737975 is divided by 8?
7
What is the remainder when 143146 is divided by 10960?
666
Calculate the remainder when 58551 is divided by 11703.
36
Calculate the remainder when 9055690 is divided by 221.
215
What is the remainder when 167799 is divided by 1844?
1839
What is the remainder when 381763472 is divided by 9?
5
What is the remainder when 8703352 is divided by 3802?
574
What is the remainder when 286481 is divided by 4693?
208
What is the remainder when 10559157 is divided by 72?
69
Calculate the remainder when 73444 is divided by 279.
67
Calculate the remainder when 30020 is divided by 223.
138
What is the remainder when 3010653 is divided by 77196?
9
What is the remainder when 49383 is divided by 935?
763
What is the remainder when 4448115 is divided by 1112026?
11
What is the remainder when 147635 is divided by 48895?
950
What is the remainder when 539002 is divided by 538987?
15
What is the remainder when 3758214 is divided by 1879099?
16
Calculate the remainder when 391998112 is divided by 739.
735
Calculate the remainder when 14071386 is divided by 14071362.
24
What is the remainder when 62523 is divided by 1945?
283
What is the remainder when 10887064 is divided by 5443458?
148
Calculate the remainder when 14088847 is divided by 1761091.
119
What is the remainder when 17208 is divided by 12702?
4506
Calculate the remainder when 131984 is divided by 31276.
6880
Calculate the remainder when 137838444 is divided by 88.
84
What is the remainder when 462958 is divided by 231389?
180
Calculate the remainder when 59384 is divided by 5551.
3874
Calculate the remainder when 111448 is divided by 1639.
1635
What is the remainder when 9142 is divided by 7370?
1772
What is the remainder when 13898720 is divided by 338992?
48
Calculate the remainder when 26500947 is divided by 33588.
15
What is the remainder when 6743388 is divided by 99?
3
What is the remainder when 1436932 is divided by 3647?
14
What is the remainder when 737295 is divided by 757?
734
Calculate the remainder when 13165258 is divided by 42606.
4
Calculate the remainder when 306449 is divided by 422.
77
What is the remainder when 66074578 is divided by 165?
163
Calculate the remainder when 132547 is divided by 101.
35
Calculate the remainder when 8245224 is divided by 433.
38
What is the remainder when 9269667 is divided by 30?
27
Calculate the remainder when 1655691 is divided by 551849.
144
What is the remainder when 181332 is divided by 4885?
587
What is the remainder when 21129729 is divided by 1359?
1356
Calculate the remainder when 29620 is divided by 588.
220
What is the remainder when 187406798 is divided by 100?
98
Calculate the remainder when 133058 is divided by 474.
338
What is the remainder when 10103994 is divided by 196?
194
What is the remainder when 1787069 is divided by 35038?
131
What is the remainder when 40945 is divided by 13315?
1000
What is the remainder when 89509747 is divided by 6655?
6652
What is the remainder when 2124905 is divided by 4743?
41
Calculate the remainder when 208279 is divided by 10961.
20
Calculate the remainder when 15697328 is divided by 313946.
28
What is the remainder when 692781 is divided by 1523?
1339
What is the remainder when 442668 is divided by 357?
345
Calculate the remainder when 14364031 is divided by 15.
1
What is the remainder when 6996 is divided by 1130?
216
What is the remainder when 37536363 is divided by 5313?
18
Calculate the remainder when 2016550 is divided by 84022.
22
What is the remainder when 2700999 is divided by 83?
13
Calculate the remainder when 8264154 is divided by 2066029.
38
Calculate the remainder when 21799859 is divided by 71710.
19
Calculate the remainder when 562786 is divided by 281377.
32
Calculate the remainder when 719330 is divided by 1584.
194
Calculate the remainder when 143301113 is divided by 9487.
9465
What is the remainder when 54657512 is divided by 34?
30
What is the remainder when 1033323 is divided by 262?
257
What is the remainder when 1787998 is divided by 40?
38
Calculate the remainder when 31496175 is divided by 2956.
2951
What is the remainder when 191168 is divided by 191034?
134
What is the remainder when 317681 is divided by 19827?
449
Calculate the remainder when 3936469 is divided by 983966.
605
Calculate the remainder when 71967594 is divided by 506814.
6
Calculate the remainder when 10480 is divided by 4719.
1042
What is the remainder when 1075470 is divided by 835?
825
What is the remainder when 215265 is divided by 1922?
1
Calculate the remainder when 7140 is divided by 1707.
312
Calculate the remainder when 6982 is divided by 11.
8
What is the remainder when 403885039 is divided by 21?
19
What is the remainder when 331341 is divided by 78?
75
What is the remainder when 411816 is divided by 205903?
10
What is the remainder when 1633864 is divided by 62823?
466
Calculate the remainder when 4053677 is divided by 238451.
10
What is the remainder when 4781768 is divided by 48?
8
Calculate the remainder when 391953 is divided by 78002.
1943
Calculate the remainder when 39302 is divided by 1115.
277
What is the remainder when 32193671 is divided by 1988?
1987
Calculate the remainder when 5318172 is divided by 7.
6
What is the remainder when 25194566 is divided by 14?
12
What is the remainder when 72930 is divided by 6558?
792
What is the remainder when 3268584 is divided by 1633490?
1604
Calculate the remainder when 26634032 is divided by 4439004.
8
What is the remainder when 28099730 is divided by 921?
20
What is the remainder when 8095924 is divided by 4047835?
254
Calculate the remainder when 281283 is divided by 4198.
17
What is the remainder when 383731 is divided by 228?
7
What is the remainder when 1412001 is divided by 352996?
17
Calculate the remainder when 33418 is divided by 4764.
70
What is the remainder when 37696 is divided by 37562?
134
What is the remainder when 2213231 is divided by 170248?
7
Calculate the remainder when 13052 is divided by 2353.
1287
Calculate the remainder when 1885580 is divided by 531.
530
What is the remainder when 96514 is divided by 585?
574
Calculate the remainder when 710679 is divided by 26025.
8004
Calculate the remainder when 3073051 is divided by 4164.
19
What is the remainder when 11096470 is divided by 1555?
1545
What is the remainder when 1140078 is divided by 1264?
1214
Calculate the remainder when 204139 is divided by 1522.
191
What is the remainder when 4476307 is divided by 213131?
556
What is the remainder when 47283 is divided by 1516?
287
What is the remainder when 381853121 is divided by 101?
98
Calculate the remainder when 18221137 is divided by 980.
977
Calculate the remainder when 1473998 is divided by 1293.
1271
What is the remainder when 66285 is divided by 944?
205
What is the remainder when 11568271 is divided by 8885?
1
What is the remainder when 37033138 is divided by 43263?
10
What is the remainder when 74802 is divided by 10?
2
What is the remainder when 19942125 is divided by 24?
21
What is the remainder when 175516942 is divided by 103?
101
What is the remainder when 620008483 is divided by 22?
17
Calculate the remainder when 334774 is divided by 334771.
3
What is the remainder when 1672287 is divided by 5037?
3
What is the remainder when 17962069 is divided by 9?
4
Calculate the remainder when 9736677 is divided by 201.
36
What is the remainder when 1992607 is divided by 8934?
325
What is the remainder when 15173872 is divided by 25?
22
What is the remainder when 5206141 is divided by 69415?
16
What is the remainder when 3880998 is divided by 646832?
6
Calculate the remainder when 6863590 is divided by 6863583.
7
Calculate the remainder when 100330 is divided by 24716.
1466
Calculate the remainder when 179293966 is divided by 1904.
1902
Calculate the remainder when 2938210 is divided by 98.
72
What is the remainder when 8780711 is divided by 701?
686
Calculate the remainder when 65848 is divided by 1603.
125
What is the remainder when 16109847 is divided by 8054921?
5
Calculate the remaind